{"id":6742,"date":"2026-02-24T00:34:27","date_gmt":"2026-02-23T23:34:27","guid":{"rendered":"https:\/\/poradenstvikhk.cz\/ndusevni\/?page_id=6742"},"modified":"2026-03-16T10:31:53","modified_gmt":"2026-03-16T09:31:53","slug":"o-projektu-2","status":"publish","type":"page","link":"https:\/\/poradenstvikhk.cz\/ndusevni\/o-projektu-2\/","title":{"rendered":"O projektu"},"content":{"rendered":"\t\t<div data-elementor-type=\"wp-page\" data-elementor-id=\"6742\" class=\"elementor elementor-6742\">\n\t\t\t\t<div class=\"elementor-element elementor-element-1a2e37f7 e-flex e-con-boxed e-con e-parent\" data-id=\"1a2e37f7\" data-element_type=\"container\" data-e-type=\"container\" data-settings=\"{&quot;background_background&quot;:&quot;classic&quot;}\">\n\t\t\t\t\t<div class=\"e-con-inner\">\n\t\t\t\t<div class=\"elementor-element elementor-element-78001da2 elementor-widget elementor-widget-heading\" data-id=\"78001da2\" data-element_type=\"widget\" data-e-type=\"widget\" data-widget_type=\"heading.default\">\n\t\t\t\t\t\t<div class=\"elementor-widget-container\">\n\t\t\t\t\t<h1 class=\"elementor-heading-title elementor-size-default\">O projektu<\/h1>\t\t\t\t<\/div>\n\t\t\t\t<\/div>\n\t\t\t\t<div class=\"elementor-element elementor-element-5cdaca40 elementor-view-default elementor-widget elementor-widget-icon\" data-id=\"5cdaca40\" data-element_type=\"widget\" data-e-type=\"widget\" data-widget_type=\"icon.default\">\n\t\t\t\t\t\t<div class=\"elementor-widget-container\">\n\t\t\t\t\t\t\t<div class=\"elementor-icon-wrapper\">\n\t\t\t<div class=\"elementor-icon\">\n\t\t\t<i aria-hidden=\"true\" class=\"lnr lnr-book\"><\/i>\t\t\t<\/div>\n\t\t<\/div>\n\t\t\t\t\t\t<\/div>\n\t\t\t\t<\/div>\n\t\t\t\t\t<\/div>\n\t\t\t\t<\/div>\n\t\t\t\t<section class=\"elementor-section elementor-top-section elementor-element elementor-element-49b64f44 elementor-section-boxed elementor-section-height-default elementor-section-height-default\" data-id=\"49b64f44\" data-element_type=\"section\" data-e-type=\"section\" data-settings=\"{&quot;background_background&quot;:&quot;classic&quot;}\">\n\t\t\t\t\t\t<div class=\"elementor-container elementor-column-gap-default\">\n\t\t\t\t\t<div class=\"elementor-column elementor-col-100 elementor-top-column elementor-element elementor-element-66a7883f\" data-id=\"66a7883f\" data-element_type=\"column\" data-e-type=\"column\">\n\t\t\t<div class=\"elementor-widget-wrap elementor-element-populated\">\n\t\t\t\t\t\t<div class=\"elementor-element elementor-element-67e34483 elementor-widget elementor-widget-text-editor\" data-id=\"67e34483\" data-element_type=\"widget\" data-e-type=\"widget\" data-widget_type=\"text-editor.default\">\n\t\t\t\t\t\t<div class=\"elementor-widget-container\">\n\t\t\t\t\t\t\t\t\t<div id=\"pe-content-part\" tabindex=\"-1\" role=\"main\"><div id=\"pe-content-part-in\" class=\"pe-container \"><div class=\"pe-row\"><div id=\"pe-content\" class=\"col-md-12\"><p>C\u00edlem projektu je podpo\u0159it pedagogy, aby um\u011bli c\u00edlit na podporu du\u0161evn\u00edho zdrav\u00ed a&nbsp;bezpe\u010dn\u00e9ho klimatu, kter\u00e9 je jedn\u00edm z&nbsp;nejv\u00fdznamn\u011bj\u0161\u00edch faktor\u016f p\u0159i rozhodov\u00e1n\u00ed, zda \u017e\u00e1k \u0161kolu odm\u00edtne, nebo nikoli. Jsme si v\u011bdomi toho, \u017ee p\u0159ed\u010dasn\u00e9 odchody ze vzd\u011bl\u00e1v\u00e1n\u00ed mohou m\u00edt v\u00edce r\u016fzn\u00fdch p\u0159\u00ed\u010din, a\u0165 u\u017e je to rodinn\u00e1 situace, osobnostn\u00ed faktory nebo socioekonomick\u00fd statut rodiny, p\u0159\u00edpadn\u011b jin\u00e9. Nen\u00ed mo\u017en\u00e9 komplexn\u011b postihnout v\u0161echny p\u0159\u00ed\u010diny p\u0159ed\u010dasn\u00fdch odchod\u016f ze vzd\u011bl\u00e1v\u00e1n\u00ed a&nbsp;v\u011bnovat se jejich p\u0159edch\u00e1zen\u00ed. Zvolili jsme si tedy jednu oblast p\u0159\u00ed\u010din p\u0159ed\u010dasn\u00fdch odchod\u016f ze vzd\u011bl\u00e1v\u00e1n\u00ed a&nbsp;tou jsou psychick\u00e9 pot\u00ed\u017ee dosp\u00edvaj\u00edc\u00edch \u017e\u00e1k\u016f (nej\u010dast\u011bji se jedn\u00e1 o&nbsp;\u00fazkosti a&nbsp;depresivn\u00ed stavy, p\u0159\u00edpadn\u011b fobie). Na\u0161\u00edm c\u00edlem je zkompetentnit u\u010ditele i\u00a0dal\u0161\u00ed pedagogick\u00e9 pracovn\u00edky, aby dok\u00e1zali s\u00a0t\u00e9matem du\u0161evn\u00edho zdrav\u00ed \u017e\u00e1k\u016f (i&nbsp;sebe jako pedagog\u016f) pracovat a&nbsp;mohli tak p\u0159isp\u00edvat k\u00a0tomu, \u017ee \u010d\u00e1st \u017e\u00e1k\u016f, kter\u00e1 odm\u00edt\u00e1 \u0161kolu, bude o\u0161et\u0159en\u00e1 a&nbsp;bude pro n\u011b mo\u017en\u00e9 do \u0161koly i&nbsp;d\u00e1le doch\u00e1zet. Z\u00e1rove\u0148 v\u0161ak chceme spole\u010dn\u011b s\u00a0pedagogy a&nbsp;\u017e\u00e1ky prost\u0159ednictv\u00edm projektov\u00fdch aktivit dos\u00e1hnout v\u011bt\u0161\u00ed m\u00edry odpov\u011bdnosti jednotliv\u00fdch \u017e\u00e1k\u016f za sv\u00e9 vlastn\u00ed vzd\u011bl\u00e1v\u00e1n\u00ed.<\/p><p>Zam\u011b\u0159ujeme se na aktivity sm\u011b\u0159uj\u00edc\u00ed k\u00a0vytv\u00e1\u0159en\u00ed bezpe\u010dn\u00e9ho podn\u011btn\u00e9ho u\u010debn\u00edho prost\u0159ed\u00ed ve \u0161kol\u00e1ch a&nbsp;na podporu pedagogick\u00fdch sbor\u016f, na realizaci preventivn\u00edch a&nbsp;interven\u010dn\u00edch opat\u0159en\u00ed u&nbsp;\u017e\u00e1k\u016f posledn\u00edch ro\u010dn\u00edk\u016f Z\u0160 a&nbsp;\u017e\u00e1k\u016f S\u0160, souvisej\u00edc\u00edch s\u00a0oblast\u00ed psychick\u00fdch pot\u00ed\u017e\u00ed (s&nbsp;akcentem na \u017e\u00e1ky nejv\u00edce ohro\u017een\u00e9 p\u0159ed\u010dasn\u00fdm odchodem ze vzd\u011bl\u00e1v\u00e1n\u00ed). Pouze syst\u00e9mov\u00e1 dlouhodob\u00e1 p\u00e9\u010de a&nbsp;podpora v\u0161ech \u00fa\u010dastn\u00edk\u016f vzd\u011bl\u00e1v\u00e1n\u00ed (tj. \u017e\u00e1k\u016f i&nbsp;pedagogick\u00fdch pracovn\u00edk\u016f) zaji\u0161\u0165uje sn\u00ed\u017een\u00ed m\u00edry p\u0159ed\u010dasn\u00fdch odchod\u016f ze vzd\u011bl\u00e1v\u00e1n\u00ed na z\u00e1klad\u011b psychick\u00fdch pot\u00ed\u017e\u00ed, bezpe\u010dn\u00e9 klima i&nbsp;well-being ve \u0161kol\u00e1ch.<\/p><p>Aktivity jsou rozd\u011blen\u00e9 do 3 hlavn\u00edch modul\u016f:<\/p><p>Modul A&nbsp;\u2013 motiva\u010dn\u00ed<\/p><p>Modul B \u2013 intenzivn\u00ed spolupr\u00e1ce se \u0161kolami<\/p><p>Modul C \u2013 s\u00ed\u0165ov\u00e1n\u00ed<\/p><p><strong>Modul A&nbsp;(moduly mohou b\u00fdt jako samostatn\u00e9 podslo\u017eky, mysl\u00edm, \u017ee by to bylo dokonce v\u00fdhodn\u00e9)<\/strong><\/p><p>Hlavn\u00edm c\u00edlem MODULU A&nbsp;je plo\u0161n\u00e9 osloven\u00ed \u0161kol s\u00a0c\u00edlem motivovat je k\u00a0intenzivn\u011bj\u0161\u00edmu zapojen\u00ed do systematick\u00e9 podpory rozvoje bezpe\u010dn\u00e9ho klimatu a&nbsp;prevence odm\u00edt\u00e1n\u00ed \u0161koly v\u00a0r\u00e1mci modulu B.<\/p><p>Budou realizov\u00e1ny aktivity individu\u00e1ln\u00edho i&nbsp;skupinov\u00e9ho charakteru pro pedagogy, \u017e\u00e1ky i&nbsp;jejich rodi\u010de. Povedeme jedn\u00e1n\u00ed s\u00a0veden\u00edm \u0161kol o&nbsp;d\u016fle\u017eitosti podpory zam\u011b\u0159en\u00e9 na sn\u00ed\u017een\u00ed m\u00edry p\u0159ed\u010dasn\u00fdch odchod\u016f ze vzd\u011bl\u00e1v\u00e1n\u00ed (podpora du\u0161evn\u00edho zdrav\u00ed, prevence odm\u00edt\u00e1n\u00ed \u0161koly a&nbsp;bezpe\u010dn\u00e9ho klimatu ve \u0161kol\u00e1ch).<\/p><p>V aktivit\u00e1ch skupinov\u00e9ho charakteru budou realizov\u00e1ny:<\/p><p>1) Workshopy<\/p><p>Pro \u017e\u00e1ky posledn\u00edch ro\u010dn\u00edk\u016f Z\u0160 a&nbsp;\u017e\u00e1ky S\u0160 s\u00a0pedagogick\u00fdm dozorem. V\u00a0r\u00e1mci workshop\u016f budou m\u00edt \u017e\u00e1ci mo\u017enost okusit aktivity jedine\u010dn\u00e9ho programu socio-emo\u010dn\u00edho u\u010den\u00ed. Workshop nab\u00eddne \u017e\u00e1k\u016fm sezn\u00e1men\u00ed s\u00a0aktivitami zam\u011b\u0159en\u00fdmi na dovednosti psychohygieny i&nbsp;vyrovn\u00e1n\u00ed se se stresem. Do aktivit se budou moci zapojit i&nbsp;pedagogov\u00e9, pro kter\u00e9 bude z\u00e1rove\u0148 p\u0159ipraven informa\u010dn\u00ed servis.<\/p><p>2) Osv\u011btov\u00e9 akce pro \u0161irokou laickou i&nbsp;odbornou ve\u0159ejnost<\/p><p>Ka\u017ed\u00fd rok prob\u011bhne celodenn\u00ed setk\u00e1n\u00ed s\u00a0celokrajskou p\u016fsobnost\u00ed. V&nbsp;dopoledn\u00edm bloku bude zrealizov\u00e1na osv\u011btov\u00e1 akce pro odbornou ve\u0159ejnost \u2013 setk\u00e1n\u00ed zapojen\u00fdch \u0161kol a&nbsp;spolupracuj\u00edc\u00edch organizac\u00ed s\u00a0c\u00edlem v\u00fdm\u011bny zku\u0161enost\u00ed v\u00a0oblasti zvy\u0161ov\u00e1n\u00ed motivace \u017e\u00e1k\u016f k\u00a0dokon\u010den\u00ed vzd\u011bl\u00e1v\u00e1n\u00ed, v&nbsp;odpoledn\u00edm bloku bude osv\u011btov\u00e1 akce pro laickou ve\u0159ejnost \u2013 setk\u00e1n\u00ed s\u00a0rodi\u010di a&nbsp;\u0161ir\u0161\u00ed ve\u0159ejnost\u00ed s\u00a0c\u00edlem \u0161\u00ed\u0159en\u00ed osv\u011bty v\u00a0oblasti du\u0161evn\u00edho zdrav\u00ed a&nbsp;prevence p\u0159ed\u010dasn\u00fdch odchod\u016f ze vzd\u011bl\u00e1v\u00e1n\u00ed.<\/p><p><strong>Modul B<\/strong><\/p><p>V\u00a0r\u00e1mci modulu B zapoj\u00edme v\u017edy v\u00a0pr\u016fb\u011bhu 1 \u0161koln\u00edho roku do intenzivn\u00ed spolupr\u00e1ce 15 \u0161kol, kter\u00fdm nab\u00eddneme cyklus vzd\u011bl\u00e1v\u00e1n\u00ed:<\/p><p>Metodick\u00e1 setk\u00e1n\u00ed<\/p><p>Vzd\u011bl\u00e1v\u00e1n\u00ed pedagog\u016f<\/p><p>Encouragement<\/p><p>Pr\u00e1ce s&nbsp;indikovan\u00fdmi\u00a0t\u0159\u00eddn\u00edmi kolektivy<\/p><p>Pr\u00e1ce s&nbsp;vybran\u00fdmi skupinami \u017e\u00e1k\u016f\/seberozvojov\u00e9 skupiny<\/p><p>Dal\u0161\u00ed pr\u00e1ce s\u00a0\u017e\u00e1ky a&nbsp;pedagogy podle domluvy<\/p><\/div><\/div><\/div><\/div>\t\t\t\t\t\t\t\t<\/div>\n\t\t\t\t<\/div>\n\t\t\t\t<div class=\"elementor-element elementor-element-03119e9 elementor-widget elementor-widget-image\" data-id=\"03119e9\" data-element_type=\"widget\" data-e-type=\"widget\" data-widget_type=\"image.default\">\n\t\t\t\t\t\t<div class=\"elementor-widget-container\">\n\t\t\t\t\t\t\t\t\t\t\t\t\t\t\t<img fetchpriority=\"high\" decoding=\"async\" width=\"1024\" height=\"724\" src=\"https:\/\/poradenstvikhk.cz\/ndusevni\/wp-content\/uploads\/2026\/02\/povinne-a-volitelne-aktivity-IDZ-1024x724.webp\" class=\"attachment-large size-large wp-image-6792\" alt=\"\" srcset=\"https:\/\/poradenstvikhk.cz\/ndusevni\/wp-content\/uploads\/2026\/02\/povinne-a-volitelne-aktivity-IDZ-1024x724.webp 1024w, https:\/\/poradenstvikhk.cz\/ndusevni\/wp-content\/uploads\/2026\/02\/povinne-a-volitelne-aktivity-IDZ-300x212.webp 300w, https:\/\/poradenstvikhk.cz\/ndusevni\/wp-content\/uploads\/2026\/02\/povinne-a-volitelne-aktivity-IDZ-768x543.webp 768w, https:\/\/poradenstvikhk.cz\/ndusevni\/wp-content\/uploads\/2026\/02\/povinne-a-volitelne-aktivity-IDZ-1536x1086.webp 1536w, https:\/\/poradenstvikhk.cz\/ndusevni\/wp-content\/uploads\/2026\/02\/povinne-a-volitelne-aktivity-IDZ.webp 1755w\" sizes=\"(max-width: 1024px) 100vw, 1024px\" \/>\t\t\t\t\t\t\t\t\t\t\t\t\t\t\t<\/div>\n\t\t\t\t<\/div>\n\t\t\t\t<div class=\"elementor-element elementor-element-a9c6454 elementor-widget elementor-widget-image\" data-id=\"a9c6454\" data-element_type=\"widget\" data-e-type=\"widget\" data-widget_type=\"image.default\">\n\t\t\t\t\t\t<div class=\"elementor-widget-container\">\n\t\t\t\t\t\t\t\t\t\t\t\t\t\t\t<img decoding=\"async\" width=\"1024\" height=\"724\" src=\"https:\/\/poradenstvikhk.cz\/ndusevni\/wp-content\/uploads\/2026\/02\/IDZ-metodicka-setkani-2-1024x724.webp\" class=\"attachment-large size-large wp-image-6793\" alt=\"\" srcset=\"https:\/\/poradenstvikhk.cz\/ndusevni\/wp-content\/uploads\/2026\/02\/IDZ-metodicka-setkani-2-1024x724.webp 1024w, https:\/\/poradenstvikhk.cz\/ndusevni\/wp-content\/uploads\/2026\/02\/IDZ-metodicka-setkani-2-300x212.webp 300w, https:\/\/poradenstvikhk.cz\/ndusevni\/wp-content\/uploads\/2026\/02\/IDZ-metodicka-setkani-2-768x543.webp 768w, https:\/\/poradenstvikhk.cz\/ndusevni\/wp-content\/uploads\/2026\/02\/IDZ-metodicka-setkani-2-1536x1086.webp 1536w, https:\/\/poradenstvikhk.cz\/ndusevni\/wp-content\/uploads\/2026\/02\/IDZ-metodicka-setkani-2.webp 1755w\" sizes=\"(max-width: 1024px) 100vw, 1024px\" \/>\t\t\t\t\t\t\t\t\t\t\t\t\t\t\t<\/div>\n\t\t\t\t<\/div>\n\t\t\t\t<div class=\"elementor-element elementor-element-c53d66c elementor-widget elementor-widget-image\" data-id=\"c53d66c\" data-element_type=\"widget\" data-e-type=\"widget\" data-widget_type=\"image.default\">\n\t\t\t\t\t\t<div class=\"elementor-widget-container\">\n\t\t\t\t\t\t\t\t\t\t\t\t\t\t\t<img decoding=\"async\" width=\"1024\" height=\"724\" src=\"https:\/\/poradenstvikhk.cz\/ndusevni\/wp-content\/uploads\/2026\/02\/infografika-pro-vzdelavani-IDZ-1024x724.webp\" class=\"attachment-large size-large wp-image-6794\" alt=\"\" srcset=\"https:\/\/poradenstvikhk.cz\/ndusevni\/wp-content\/uploads\/2026\/02\/infografika-pro-vzdelavani-IDZ-1024x724.webp 1024w, https:\/\/poradenstvikhk.cz\/ndusevni\/wp-content\/uploads\/2026\/02\/infografika-pro-vzdelavani-IDZ-300x212.webp 300w, https:\/\/poradenstvikhk.cz\/ndusevni\/wp-content\/uploads\/2026\/02\/infografika-pro-vzdelavani-IDZ-768x543.webp 768w, https:\/\/poradenstvikhk.cz\/ndusevni\/wp-content\/uploads\/2026\/02\/infografika-pro-vzdelavani-IDZ-1536x1086.webp 1536w, https:\/\/poradenstvikhk.cz\/ndusevni\/wp-content\/uploads\/2026\/02\/infografika-pro-vzdelavani-IDZ.webp 2000w\" sizes=\"(max-width: 1024px) 100vw, 1024px\" \/>\t\t\t\t\t\t\t\t\t\t\t\t\t\t\t<\/div>\n\t\t\t\t<\/div>\n\t\t\t\t<div class=\"elementor-element elementor-element-80f0f63 elementor-widget elementor-widget-text-editor\" data-id=\"80f0f63\" data-element_type=\"widget\" data-e-type=\"widget\" data-widget_type=\"text-editor.default\">\n\t\t\t\t\t\t<div class=\"elementor-widget-container\">\n\t\t\t\t\t\t\t\t\t<div id=\"pe-content-part\" tabindex=\"-1\" role=\"main\"><div id=\"pe-content-part-in\" class=\"pe-container \"><div class=\"pe-row\"><div id=\"pe-content\" class=\"col-md-12\"><p><strong>Modul C<\/strong><\/p><p>V\u00a0r\u00e1mci modulu C budeme posilovat vz\u00e1jemnou spolupr\u00e1ci \u0161kol a&nbsp;sd\u00edlen\u00ed dobr\u00e9 praxe prost\u0159ednictv\u00edm dvou typ\u016f akc\u00ed.<\/p><p>Kulat\u00e9 stoly<\/p><p>Kazuistick\u00e9 semin\u00e1\u0159e<\/p><\/div><\/div><\/div><\/div>\t\t\t\t\t\t\t\t<\/div>\n\t\t\t\t<\/div>\n\t\t\t\t<div class=\"elementor-element elementor-element-800be73 elementor-widget elementor-widget-image\" data-id=\"800be73\" data-element_type=\"widget\" data-e-type=\"widget\" data-widget_type=\"image.default\">\n\t\t\t\t\t\t<div class=\"elementor-widget-container\">\n\t\t\t\t\t\t\t\t\t\t\t\t\t\t\t<img loading=\"lazy\" decoding=\"async\" width=\"1024\" height=\"724\" src=\"https:\/\/poradenstvikhk.cz\/ndusevni\/wp-content\/uploads\/2026\/02\/IDZ-kazuisticke-seminare-kulate-stoly-1024x724.webp\" class=\"attachment-large size-large wp-image-6795\" alt=\"\" srcset=\"https:\/\/poradenstvikhk.cz\/ndusevni\/wp-content\/uploads\/2026\/02\/IDZ-kazuisticke-seminare-kulate-stoly-1024x724.webp 1024w, https:\/\/poradenstvikhk.cz\/ndusevni\/wp-content\/uploads\/2026\/02\/IDZ-kazuisticke-seminare-kulate-stoly-300x212.webp 300w, https:\/\/poradenstvikhk.cz\/ndusevni\/wp-content\/uploads\/2026\/02\/IDZ-kazuisticke-seminare-kulate-stoly-768x543.webp 768w, https:\/\/poradenstvikhk.cz\/ndusevni\/wp-content\/uploads\/2026\/02\/IDZ-kazuisticke-seminare-kulate-stoly-1536x1086.webp 1536w, https:\/\/poradenstvikhk.cz\/ndusevni\/wp-content\/uploads\/2026\/02\/IDZ-kazuisticke-seminare-kulate-stoly.webp 1755w\" sizes=\"(max-width: 1024px) 100vw, 1024px\" \/>\t\t\t\t\t\t\t\t\t\t\t\t\t\t\t<\/div>\n\t\t\t\t<\/div>\n\t\t\t\t\t<\/div>\n\t\t<\/div>\n\t\t\t\t\t<\/div>\n\t\t<\/section>\n\t\t\t\t<\/div>\n\t\t","protected":false},"excerpt":{"rendered":"<p>O projektu C\u00edlem projektu je podpo\u0159it pedagogy, aby um\u011bli c\u00edlit na podporu du\u0161evn\u00edho zdrav\u00ed a&nbsp;bezpe\u010dn\u00e9ho klimatu, kter\u00e9 je jedn\u00edm z&nbsp;nejv\u00fdznamn\u011bj\u0161\u00edch [&hellip;]<\/p>\n","protected":false},"author":1,"featured_media":0,"parent":0,"menu_order":0,"comment_status":"closed","ping_status":"closed","template":"","meta":{"site-sidebar-layout":"no-sidebar","site-content-layout":"","ast-site-content-layout":"full-width-container","site-content-style":"default","site-sidebar-style":"default","ast-global-header-display":"","ast-banner-title-visibility":"","ast-main-header-display":"","ast-hfb-above-header-display":"","ast-hfb-below-header-display":"","ast-hfb-mobile-header-display":"","site-post-title":"disabled","ast-breadcrumbs-content":"","ast-featured-img":"disabled","footer-sml-layout":"","ast-disable-related-posts":"","theme-transparent-header-meta":"","adv-header-id-meta":"","stick-header-meta":"","header-above-stick-meta":"","header-main-stick-meta":"","header-below-stick-meta":"","astra-migrate-meta-layouts":"default","ast-page-background-enabled":"default","ast-page-background-meta":{"desktop":{"background-color":"var(--ast-global-color-5)","background-image":"","background-repeat":"repeat","background-position":"center center","background-size":"auto","background-attachment":"scroll","background-type":"","background-media":"","overlay-type":"","overlay-color":"","overlay-opacity":"","overlay-gradient":""},"tablet":{"background-color":"","background-image":"","background-repeat":"repeat","background-position":"center center","background-size":"auto","background-attachment":"scroll","background-type":"","background-media":"","overlay-type":"","overlay-color":"","overlay-opacity":"","overlay-gradient":""},"mobile":{"background-color":"","background-image":"","background-repeat":"repeat","background-position":"center center","background-size":"auto","background-attachment":"scroll","background-type":"","background-media":"","overlay-type":"","overlay-color":"","overlay-opacity":"","overlay-gradient":""}},"ast-content-background-meta":{"desktop":{"background-color":"var(--ast-global-color-4)","background-image":"","background-repeat":"repeat","background-position":"center center","background-size":"auto","background-attachment":"scroll","background-type":"","background-media":"","overlay-type":"","overlay-color":"","overlay-opacity":"","overlay-gradient":""},"tablet":{"background-color":"var(--ast-global-color-4)","background-image":"","background-repeat":"repeat","background-position":"center center","background-size":"auto","background-attachment":"scroll","background-type":"","background-media":"","overlay-type":"","overlay-color":"","overlay-opacity":"","overlay-gradient":""},"mobile":{"background-color":"var(--ast-global-color-4)","background-image":"","background-repeat":"repeat","background-position":"center center","background-size":"auto","background-attachment":"scroll","background-type":"","background-media":"","overlay-type":"","overlay-color":"","overlay-opacity":"","overlay-gradient":""}},"footnotes":""},"class_list":["post-6742","page","type-page","status-publish","hentry"],"_links":{"self":[{"href":"https:\/\/poradenstvikhk.cz\/ndusevni\/wp-json\/wp\/v2\/pages\/6742","targetHints":{"allow":["GET"]}}],"collection":[{"href":"https:\/\/poradenstvikhk.cz\/ndusevni\/wp-json\/wp\/v2\/pages"}],"about":[{"href":"https:\/\/poradenstvikhk.cz\/ndusevni\/wp-json\/wp\/v2\/types\/page"}],"author":[{"embeddable":true,"href":"https:\/\/poradenstvikhk.cz\/ndusevni\/wp-json\/wp\/v2\/users\/1"}],"replies":[{"embeddable":true,"href":"https:\/\/poradenstvikhk.cz\/ndusevni\/wp-json\/wp\/v2\/comments?post=6742"}],"version-history":[{"count":25,"href":"https:\/\/poradenstvikhk.cz\/ndusevni\/wp-json\/wp\/v2\/pages\/6742\/revisions"}],"predecessor-version":[{"id":10084,"href":"https:\/\/poradenstvikhk.cz\/ndusevni\/wp-json\/wp\/v2\/pages\/6742\/revisions\/10084"}],"wp:attachment":[{"href":"https:\/\/poradenstvikhk.cz\/ndusevni\/wp-json\/wp\/v2\/media?parent=6742"}],"curies":[{"name":"wp","href":"https:\/\/api.w.org\/{rel}","templated":true}]}}