{"id":3,"date":"2025-12-13T21:11:27","date_gmt":"2025-12-13T20:11:27","guid":{"rendered":"https:\/\/poradenstvikhk.cz\/ndusevni\/?page_id=3"},"modified":"2026-03-16T11:14:51","modified_gmt":"2026-03-16T10:14:51","slug":"ochrana-osobnich-udaju","status":"publish","type":"page","link":"https:\/\/poradenstvikhk.cz\/ndusevni\/ochrana-osobnich-udaju\/","title":{"rendered":"Z\u00e1sady ochrany osobn\u00edch \u00fadaj\u016f"},"content":{"rendered":"\t\t<div data-elementor-type=\"wp-page\" data-elementor-id=\"3\" class=\"elementor elementor-3\">\n\t\t\t\t<div class=\"elementor-element elementor-element-fca0371 e-con-full e-flex e-con e-parent\" data-id=\"fca0371\" data-element_type=\"container\" data-e-type=\"container\" data-settings=\"{&quot;background_background&quot;:&quot;classic&quot;}\">\n\t\t\t\t<div class=\"elementor-element elementor-element-691ea48a elementor-widget elementor-widget-heading\" data-id=\"691ea48a\" data-element_type=\"widget\" data-e-type=\"widget\" data-widget_type=\"heading.default\">\n\t\t\t\t\t\t<div class=\"elementor-widget-container\">\n\t\t\t\t\t<h1 class=\"elementor-heading-title elementor-size-default\">Z\u00e1sady ochrany osobn\u00edch \u00fadaj\u016f<\/h1>\t\t\t\t<\/div>\n\t\t\t\t<\/div>\n\t\t\t\t<\/div>\n\t\t<div class=\"elementor-element elementor-element-124d2e2b e-flex e-con-boxed e-con e-parent\" data-id=\"124d2e2b\" data-element_type=\"container\" data-e-type=\"container\">\n\t\t\t\t\t<div class=\"e-con-inner\">\n\t\t\t\t<div class=\"elementor-element elementor-element-27f9b050 elementor-widget elementor-widget-text-editor\" data-id=\"27f9b050\" data-element_type=\"widget\" data-e-type=\"widget\" data-widget_type=\"text-editor.default\">\n\t\t\t\t\t\t<div class=\"elementor-widget-container\">\n\t\t\t\t\t\t\t\t\t<p><b>I. Z\u00e1kladn\u00ed ustanoven\u00ed<\/b><\/p>\n<ol>\n<li>Spr\u00e1vcem osobn\u00edch \u00fadaj\u016f podle \u010dl. 4 bod 7 na\u0159\u00edzen\u00ed Evropsk\u00e9ho parlamentu a\u00a0Rady (EU) 2016\/679 o\u00a0ochran\u011b fyzick\u00fdch osob v\u00a0souvislosti se zpracov\u00e1n\u00edm osobn\u00edch \u00fadaj\u016f a\u00a0o\u00a0voln\u00e9m pohybu t\u011bchto \u00fadaj\u016f (d\u00e1le jen: \u201eGDPR\u201d) je Pedagogicko &#8211; psychologick\u00e1 poradna a&nbsp;Speci\u00e1ln\u011b pedagogick\u00e9 centrum Kr\u00e1lov\u00e9hradeck\u00e9ho kraje, I\u010c: 72049103 se s\u00eddlem: Na Okrouhl\u00edku 1371 \/30, 500&nbsp;02 Hradec Kr\u00e1lov\u00e9 (d\u00e1le jen: \u201espr\u00e1vce\u201c).<\/li>\n<li>Kontaktn\u00ed \u00fadaje spr\u00e1vce jsou<br \/>adresa: Na Okrouhl\u00edku 1371 \/30, 500&nbsp;02 Hradec Kr\u00e1lov\u00e9\u00a0<br \/>email: <a href=\"mailto:l.martinek@spcrychnov.cz\">l.martinek@spcrychnov.cz<\/a><\/li>\n<li>Osobn\u00edmi \u00fadaji se rozum\u00ed ve\u0161ker\u00e9 informace o\u00a0identifikovan\u00e9 nebo identifikovateln\u00e9 fyzick\u00e9 osob\u011b; identifikovatelnou fyzickou osobou je fyzick\u00e1 osoba, kterou lze p\u0159\u00edmo \u010di\u00a0nep\u0159\u00edmo identifikovat, zejm\u00e9na odkazem na ur\u010dit\u00fd identifik\u00e1tor, nap\u0159\u00edklad jm\u00e9no, identifika\u010dn\u00ed \u010d\u00edslo, loka\u010dn\u00ed \u00fadaje, s\u00ed\u0165ov\u00fd identifik\u00e1tor nebo na jeden \u010di\u00a0v\u00edce zvl\u00e1\u0161tn\u00edch prvk\u016f fyzick\u00e9, fyziologick\u00e9, genetick\u00e9, psychick\u00e9, ekonomick\u00e9, kulturn\u00ed nebo spole\u010densk\u00e9 identity t\u00e9to fyzick\u00e9 osoby.<\/li>\n<li>Spr\u00e1vce odpov\u00edd\u00e1 za provoz webov\u00fdch str\u00e1nek a&nbsp;za dodr\u017eov\u00e1n\u00ed pr\u00e1vn\u00edch p\u0159edpis\u016f v&nbsp;oblasti ochrany osobn\u00edch \u00fadaj\u016f.<\/li>\n<\/ol>\n<p><b>II. Rozsah zpracov\u00e1n\u00ed osobn\u00edch \u00fadaj\u016f<\/b><\/p>\n<p data-start=\"1160\" data-end=\"1300\">V r\u00e1mci objedn\u00e1vkov\u00e9ho syst\u00e9mu mohou b\u00fdt zpracov\u00e1v\u00e1ny osobn\u00ed \u00fadaje, kter\u00e9 u\u017eivatel dobrovoln\u011b uvede p\u0159i pod\u00e1n\u00ed \u017e\u00e1dosti o&nbsp;poradenskou slu\u017ebu.<\/p>\n<p data-start=\"1302\" data-end=\"1335\">Typicky se m\u016f\u017ee jednat zejm\u00e9na o:<\/p>\n<ul data-start=\"1337\" data-end=\"1450\">\n<li data-section-id=\"1ktbggz\" data-start=\"1337\" data-end=\"1357\">\n<p data-start=\"1339\" data-end=\"1357\">jm\u00e9no a&nbsp;p\u0159\u00edjmen\u00ed<\/p>\n<\/li>\n<li data-section-id=\"3fw8fy\" data-start=\"1358\" data-end=\"1379\">\n<p data-start=\"1360\" data-end=\"1379\">e-mailovou adresu<\/p>\n<\/li>\n<li data-section-id=\"dtwso4\" data-start=\"1380\" data-end=\"1399\">\n<p data-start=\"1382\" data-end=\"1399\">telefonn\u00ed \u010d\u00edslo<\/p>\n<\/li>\n<li data-section-id=\"1trthbv\" data-start=\"1400\" data-end=\"1450\">\n<p data-start=\"1402\" data-end=\"1450\">p\u0159\u00edpadn\u011b dal\u0161\u00ed informace uveden\u00e9 v&nbsp;textu \u017e\u00e1dosti<\/p>\n<\/li>\n<\/ul>\n<p data-start=\"1452\" data-end=\"1550\">Tyto \u00fadaje jsou poskytnuty u\u017eivatelem dobrovoln\u011b za \u00fa\u010delem kontaktov\u00e1n\u00ed a&nbsp;vy\u0159\u00edzen\u00ed jeho po\u017eadavku.<\/p>\n<p data-section-id=\"2tah27\" data-start=\"1557\" data-end=\"1586\"><strong>III. Zp\u016fsob zpracov\u00e1n\u00ed osobn\u00edch \u00fadaj\u016f<\/strong><\/p>\n<p data-start=\"1587\" data-end=\"1676\">Webov\u00e9 str\u00e1nky vyu\u017e\u00edvaj\u00ed objedn\u00e1vkov\u00fd formul\u00e1\u0159 pro pod\u00e1n\u00ed \u017e\u00e1dosti o&nbsp;poradenskou slu\u017ebu.<\/p>\n<p data-start=\"1678\" data-end=\"1906\">\u00dadaje uveden\u00e9 ve formul\u00e1\u0159i nejsou ukl\u00e1d\u00e1ny do datab\u00e1ze webov\u00fdch str\u00e1nek. Jsou vyu\u017eity pouze k&nbsp;p\u0159ed\u00e1n\u00ed \u017e\u00e1dosti spr\u00e1vci, kter\u00fd ji n\u00e1sledn\u011b vy\u0159izuje prost\u0159ednictv\u00edm b\u011b\u017en\u00fdch komunika\u010dn\u00edch prost\u0159edk\u016f (nap\u0159\u00edklad e-mailov\u00e9 komunikace).<\/p>\n<p data-start=\"1908\" data-end=\"2054\">Provozovatel webu nevede datab\u00e1zi u\u017eivatel\u016f ani \u017e\u00e1dn\u00fd automatizovan\u00fd syst\u00e9m dlouhodob\u00e9ho ukl\u00e1d\u00e1n\u00ed osobn\u00edch \u00fadaj\u016f prost\u0159ednictv\u00edm webov\u00fdch str\u00e1nek.<\/p>\n<p data-section-id=\"juts82\" data-start=\"2061\" data-end=\"2097\"><strong>IV. \u00da\u010del zpracov\u00e1n\u00ed osobn\u00edch \u00fadaj\u016f<\/strong><\/p>\n<p data-start=\"2098\" data-end=\"2148\">Osobn\u00ed \u00fadaje jsou zpracov\u00e1v\u00e1ny v\u00fdhradn\u011b za \u00fa\u010delem:<\/p>\n<ul data-start=\"2150\" data-end=\"2271\">\n<li data-section-id=\"13ip5u7\" data-start=\"2150\" data-end=\"2201\">\n<p data-start=\"2152\" data-end=\"2201\">p\u0159ijet\u00ed a&nbsp;vy\u0159\u00edzen\u00ed \u017e\u00e1dosti o&nbsp;poradenskou slu\u017ebu<\/p>\n<\/li>\n<li data-section-id=\"1x1zc5i\" data-start=\"2202\" data-end=\"2229\">\n<p data-start=\"2204\" data-end=\"2229\">komunikace se \u017eadatelem<\/p>\n<\/li>\n<li data-section-id=\"zcbnc6\" data-start=\"2230\" data-end=\"2271\">\n<p data-start=\"2232\" data-end=\"2271\">poskytnut\u00ed po\u017eadovan\u00e9 poradensk\u00e9 slu\u017eby<\/p>\n<\/li>\n<\/ul>\n<p data-start=\"2273\" data-end=\"2355\">\u00dadaje nejsou vyu\u017e\u00edv\u00e1ny pro marketingov\u00e9 \u00fa\u010dely ani pro zas\u00edl\u00e1n\u00ed obchodn\u00edch sd\u011blen\u00ed.<\/p>\n<p data-section-id=\"1y6eaer\" data-start=\"2362\" data-end=\"2392\"><strong>V. Pr\u00e1vn\u00ed z\u00e1klad zpracov\u00e1n\u00ed<\/strong><\/p>\n<p data-start=\"2393\" data-end=\"2438\">Zpracov\u00e1n\u00ed osobn\u00edch \u00fadaj\u016f prob\u00edh\u00e1 na z\u00e1klad\u011b:<\/p>\n<ul data-start=\"2440\" data-end=\"2631\">\n<li data-section-id=\"1do4xnc\" data-start=\"2440\" data-end=\"2547\">\n<p data-start=\"2442\" data-end=\"2547\">proveden\u00ed opat\u0159en\u00ed p\u0159ed uzav\u0159en\u00edm smlouvy na \u017e\u00e1dost subjektu \u00fadaj\u016f (nap\u0159. \u017e\u00e1dost o&nbsp;poradenskou slu\u017ebu),<\/p>\n<\/li>\n<li data-section-id=\"137tttl\" data-start=\"2548\" data-end=\"2631\">\n<p data-start=\"2550\" data-end=\"2631\">p\u0159\u00edpadn\u011b opr\u00e1vn\u011bn\u00e9ho z\u00e1jmu spr\u00e1vce spo\u010d\u00edvaj\u00edc\u00edho ve vy\u0159\u00edzen\u00ed p\u0159ijat\u00e9ho po\u017eadavku.<\/p>\n<\/li>\n<\/ul>\n<p data-section-id=\"dzajwi\" data-start=\"2638\" data-end=\"2668\"><strong>VI. P\u0159ed\u00e1v\u00e1n\u00ed osobn\u00edch \u00fadaj\u016f<\/strong><\/p>\n<p data-start=\"2669\" data-end=\"2825\">Osobn\u00ed \u00fadaje nejsou p\u0159ed\u00e1v\u00e1ny t\u0159et\u00edm stran\u00e1m, s&nbsp;v\u00fdjimkou p\u0159\u00edpad\u016f, kdy je to nezbytn\u00e9 pro spln\u011bn\u00ed z\u00e1konn\u00fdch povinnost\u00ed nebo pro poskytnut\u00ed poradensk\u00e9 slu\u017eby.<\/p>\n<p data-start=\"2827\" data-end=\"2916\">Provozovatel webov\u00fdch str\u00e1nek nep\u0159ed\u00e1v\u00e1 osobn\u00ed \u00fadaje pro marketingov\u00e9 ani komer\u010dn\u00ed \u00fa\u010dely.<\/p>\n<p data-section-id=\"17dwzoz\" data-start=\"2923\" data-end=\"2950\"><strong>VII. Doba uchov\u00e1v\u00e1n\u00ed \u00fadaj\u016f<\/strong><\/p>\n<p data-start=\"2951\" data-end=\"3085\">Osobn\u00ed \u00fadaje jsou uchov\u00e1v\u00e1ny pouze po dobu nezbytn\u011b nutnou k&nbsp;vy\u0159\u00edzen\u00ed \u017e\u00e1dosti o&nbsp;poradenskou slu\u017ebu a&nbsp;n\u00e1sledn\u00e9 komunikaci se \u017eadatelem.<\/p>\n<p data-start=\"3087\" data-end=\"3227\">Po vy\u0159\u00edzen\u00ed \u017e\u00e1dosti mohou b\u00fdt \u00fadaje uchov\u00e1ny pouze po dobu nezbytnou k&nbsp;ochran\u011b opr\u00e1vn\u011bn\u00fdch z\u00e1jm\u016f spr\u00e1vce nebo k&nbsp;pln\u011bn\u00ed z\u00e1konn\u00fdch povinnost\u00ed.<\/p>\n<p data-section-id=\"r46b3z\" data-start=\"3234\" data-end=\"3271\"><strong>VIII. Cookies a&nbsp;sledovac\u00ed technologie<\/strong><\/p>\n<p data-start=\"3272\" data-end=\"3368\">Webov\u00e9 str\u00e1nky nepou\u017e\u00edvaj\u00ed marketingov\u00e9 ani analytick\u00e9 n\u00e1stroje pro sledov\u00e1n\u00ed chov\u00e1n\u00ed u\u017eivatel\u016f.<\/p>\n<p data-start=\"3370\" data-end=\"3466\">Mohou b\u00fdt pou\u017e\u00edv\u00e1ny pouze technick\u00e9 prost\u0159edky nezbytn\u00e9 pro z\u00e1kladn\u00ed fungov\u00e1n\u00ed webov\u00fdch str\u00e1nek.<\/p>\n<p data-start=\"3370\" data-end=\"3466\"><strong>IX. Zabezpe\u010den\u00ed osobn\u00edch \u00fadaj\u016f<\/strong><\/p>\n<p data-start=\"3507\" data-end=\"3643\">Spr\u00e1vce p\u0159ij\u00edm\u00e1 p\u0159im\u011b\u0159en\u00e1 technick\u00e1 a&nbsp;organiza\u010dn\u00ed opat\u0159en\u00ed k&nbsp;ochran\u011b osobn\u00edch \u00fadaj\u016f p\u0159ed neopr\u00e1vn\u011bn\u00fdm p\u0159\u00edstupem, ztr\u00e1tou nebo zneu\u017eit\u00edm.<\/p>\n<p data-start=\"3645\" data-end=\"3765\">Tato opat\u0159en\u00ed zahrnuj\u00ed zejm\u00e9na zabezpe\u010den\u00fd provoz webov\u00fdch str\u00e1nek a&nbsp;omezen\u00ed p\u0159\u00edstupu k&nbsp;\u00fadaj\u016fm pouze na opr\u00e1vn\u011bn\u00e9 osoby.<\/p>\n<p data-section-id=\"1vl1f26\" data-start=\"3772\" data-end=\"3799\"><strong>X. Pr\u00e1va subjekt\u016f \u00fadaj\u016f<\/strong><\/p>\n<p data-start=\"3800\" data-end=\"3858\">Osoby, jejich\u017e osobn\u00ed \u00fadaje jsou zpracov\u00e1v\u00e1ny, maj\u00ed pr\u00e1vo:<\/p>\n<ul data-start=\"3860\" data-end=\"4044\">\n<li data-section-id=\"1w755cl\" data-start=\"3860\" data-end=\"3904\">\n<p data-start=\"3862\" data-end=\"3904\">po\u017eadovat p\u0159\u00edstup ke sv\u00fdm osobn\u00edm \u00fadaj\u016fm<\/p>\n<\/li>\n<li data-section-id=\"maxozd\" data-start=\"3905\" data-end=\"3942\">\n<p data-start=\"3907\" data-end=\"3942\">po\u017eadovat opravu nep\u0159esn\u00fdch \u00fadaj\u016f<\/p>\n<\/li>\n<li data-section-id=\"11d8cou\" data-start=\"3943\" data-end=\"3977\">\n<p data-start=\"3945\" data-end=\"3977\">po\u017eadovat v\u00fdmaz osobn\u00edch \u00fadaj\u016f<\/p>\n<\/li>\n<li data-section-id=\"tk2va2\" data-start=\"3978\" data-end=\"4010\">\n<p data-start=\"3980\" data-end=\"4010\">po\u017eadovat omezen\u00ed zpracov\u00e1n\u00ed<\/p>\n<\/li>\n<li data-section-id=\"1wsgz4k\" data-start=\"4011\" data-end=\"4044\">\n<p data-start=\"4013\" data-end=\"4044\">vzn\u00e9st n\u00e1mitku proti zpracov\u00e1n\u00ed<\/p>\n<\/li>\n<\/ul>\n<p data-start=\"4046\" data-end=\"4159\">Subjekt \u00fadaj\u016f m\u00e1 rovn\u011b\u017e pr\u00e1vo podat st\u00ed\u017enost u&nbsp;dozorov\u00e9ho \u00fa\u0159adu, kter\u00fdm je <span class=\"hover:entity-accent entity-underline inline cursor-pointer align-baseline\"><span class=\"whitespace-normal\">\u00da\u0159ad pro ochranu osobn\u00edch \u00fadaj\u016f<\/span><\/span>.<\/p>\n<p data-start=\"4046\" data-end=\"4159\"><strong>XI. Zm\u011bny z\u00e1sad ochrany osobn\u00edch \u00fadaj\u016f<\/strong><\/p>\n<p data-start=\"4208\" data-end=\"4344\">Tyto z\u00e1sady mohou b\u00fdt pr\u016fb\u011b\u017en\u011b aktualizov\u00e1ny, zejm\u00e9na v&nbsp;p\u0159\u00edpad\u011b zm\u011bny fungov\u00e1n\u00ed webov\u00fdch str\u00e1nek nebo zp\u016fsobu zpracov\u00e1n\u00ed osobn\u00edch \u00fadaj\u016f.<\/p>\n<p data-start=\"4346\" data-end=\"4408\">Aktu\u00e1ln\u00ed verze z\u00e1sad bude v\u017edy dostupn\u00e1 na webov\u00fdch str\u00e1nk\u00e1ch.\u00a0<\/p>\n<p class=\"p1\">Tyto Z\u00e1sady ochrany osobn\u00edch \u00fadaj\u016f jsou \u00fa\u010dinn\u00e9 ode dne 1.&nbsp;3.&nbsp;2026<\/p>\n<p data-start=\"4346\" data-end=\"4408\">\u00a0<\/p>\n<p><!-- \/wp:paragraph --><\/p>\t\t\t\t\t\t\t\t<\/div>\n\t\t\t\t<\/div>\n\t\t\t\t\t<\/div>\n\t\t\t\t<\/div>\n\t\t\t\t<\/div>\n\t\t","protected":false},"excerpt":{"rendered":"<p>Z\u00e1sady ochrany osobn\u00edch \u00fadaj\u016f I. Z\u00e1kladn\u00ed ustanoven\u00ed Spr\u00e1vcem osobn\u00edch \u00fadaj\u016f podle \u010dl. 4 bod 7 na\u0159\u00edzen\u00ed Evropsk\u00e9ho parlamentu a\u00a0Rady (EU) [&hellip;]<\/p>\n","protected":false},"author":1,"featured_media":0,"parent":0,"menu_order":0,"comment_status":"closed","ping_status":"open","template":"","meta":{"site-sidebar-layout":"default","site-content-layout":"","ast-site-content-layout":"default","site-content-style":"default","site-sidebar-style":"default","ast-global-header-display":"","ast-banner-title-visibility":"","ast-main-header-display":"","ast-hfb-above-header-display":"","ast-hfb-below-header-display":"","ast-hfb-mobile-header-display":"","site-post-title":"disabled","ast-breadcrumbs-content":"","ast-featured-img":"","footer-sml-layout":"","ast-disable-related-posts":"","theme-transparent-header-meta":"","adv-header-id-meta":"","stick-header-meta":"","header-above-stick-meta":"","header-main-stick-meta":"","header-below-stick-meta":"","astra-migrate-meta-layouts":"default","ast-page-background-enabled":"default","ast-page-background-meta":{"desktop":{"background-color":"var(--ast-global-color-5)","background-image":"","background-repeat":"repeat","background-position":"center center","background-size":"auto","background-attachment":"scroll","background-type":"","background-media":"","overlay-type":"","overlay-color":"","overlay-opacity":"","overlay-gradient":""},"tablet":{"background-color":"","background-image":"","background-repeat":"repeat","background-position":"center center","background-size":"auto","background-attachment":"scroll","background-type":"","background-media":"","overlay-type":"","overlay-color":"","overlay-opacity":"","overlay-gradient":""},"mobile":{"background-color":"","background-image":"","background-repeat":"repeat","background-position":"center center","background-size":"auto","background-attachment":"scroll","background-type":"","background-media":"","overlay-type":"","overlay-color":"","overlay-opacity":"","overlay-gradient":""}},"ast-content-background-meta":{"desktop":{"background-color":"var(--ast-global-color-4)","background-image":"","background-repeat":"repeat","background-position":"center center","background-size":"auto","background-attachment":"scroll","background-type":"","background-media":"","overlay-type":"","overlay-color":"","overlay-opacity":"","overlay-gradient":""},"tablet":{"background-color":"var(--ast-global-color-4)","background-image":"","background-repeat":"repeat","background-position":"center center","background-size":"auto","background-attachment":"scroll","background-type":"","background-media":"","overlay-type":"","overlay-color":"","overlay-opacity":"","overlay-gradient":""},"mobile":{"background-color":"var(--ast-global-color-4)","background-image":"","background-repeat":"repeat","background-position":"center center","background-size":"auto","background-attachment":"scroll","background-type":"","background-media":"","overlay-type":"","overlay-color":"","overlay-opacity":"","overlay-gradient":""}},"footnotes":""},"class_list":["post-3","page","type-page","status-publish","hentry"],"_links":{"self":[{"href":"https:\/\/poradenstvikhk.cz\/ndusevni\/wp-json\/wp\/v2\/pages\/3","targetHints":{"allow":["GET"]}}],"collection":[{"href":"https:\/\/poradenstvikhk.cz\/ndusevni\/wp-json\/wp\/v2\/pages"}],"about":[{"href":"https:\/\/poradenstvikhk.cz\/ndusevni\/wp-json\/wp\/v2\/types\/page"}],"author":[{"embeddable":true,"href":"https:\/\/poradenstvikhk.cz\/ndusevni\/wp-json\/wp\/v2\/users\/1"}],"replies":[{"embeddable":true,"href":"https:\/\/poradenstvikhk.cz\/ndusevni\/wp-json\/wp\/v2\/comments?post=3"}],"version-history":[{"count":48,"href":"https:\/\/poradenstvikhk.cz\/ndusevni\/wp-json\/wp\/v2\/pages\/3\/revisions"}],"predecessor-version":[{"id":10120,"href":"https:\/\/poradenstvikhk.cz\/ndusevni\/wp-json\/wp\/v2\/pages\/3\/revisions\/10120"}],"wp:attachment":[{"href":"https:\/\/poradenstvikhk.cz\/ndusevni\/wp-json\/wp\/v2\/media?parent=3"}],"curies":[{"name":"wp","href":"https:\/\/api.w.org\/{rel}","templated":true}]}}