{"id":1935,"date":"2024-03-07T13:54:03","date_gmt":"2024-03-07T12:54:03","guid":{"rendered":"https:\/\/poradenstvikhk.cz\/akce\/?page_id=1935"},"modified":"2024-03-08T00:15:34","modified_gmt":"2024-03-07T23:15:34","slug":"musilova2024","status":"publish","type":"page","link":"https:\/\/poradenstvikhk.cz\/akce\/musilova2024\/","title":{"rendered":"Musilov\u00e1 2024"},"content":{"rendered":"\t\t<div data-elementor-type=\"wp-page\" data-elementor-id=\"1935\" class=\"elementor elementor-1935\">\n\t\t\t\t\t\t<section class=\"elementor-section elementor-top-section elementor-element elementor-element-2c9d578 elementor-section-boxed elementor-section-height-default elementor-section-height-default\" data-id=\"2c9d578\" data-element_type=\"section\">\n\t\t\t\t\t\t<div class=\"elementor-container elementor-column-gap-default\">\n\t\t\t\t\t<div class=\"elementor-column elementor-col-100 elementor-top-column elementor-element elementor-element-4d4e515\" data-id=\"4d4e515\" data-element_type=\"column\">\n\t\t\t<div class=\"elementor-widget-wrap elementor-element-populated\">\n\t\t\t\t\t\t<div class=\"elementor-element elementor-element-ab9e7b9 elementor-widget elementor-widget-spacer\" data-id=\"ab9e7b9\" data-element_type=\"widget\" data-widget_type=\"spacer.default\">\n\t\t\t\t<div class=\"elementor-widget-container\">\n\t\t\t\t\t\t\t<div class=\"elementor-spacer\">\n\t\t\t<div class=\"elementor-spacer-inner\"><\/div>\n\t\t<\/div>\n\t\t\t\t\t\t<\/div>\n\t\t\t\t<\/div>\n\t\t\t\t<div class=\"elementor-element elementor-element-7d904f3 elementor-widget elementor-widget-heading\" data-id=\"7d904f3\" data-element_type=\"widget\" data-widget_type=\"heading.default\">\n\t\t\t\t<div class=\"elementor-widget-container\">\n\t\t\t\t\t<h2 class=\"elementor-heading-title elementor-size-default\">Mgr. Jitka Musilov\u00e1<\/h2>\t\t\t\t<\/div>\n\t\t\t\t<\/div>\n\t\t\t\t<div class=\"elementor-element elementor-element-9cdf61c elementor-widget elementor-widget-text-editor\" data-id=\"9cdf61c\" data-element_type=\"widget\" data-widget_type=\"text-editor.default\">\n\t\t\t\t<div class=\"elementor-widget-container\">\n\t\t\t\t\t\t\t\t\t<h5>Workshop: <strong>Socio-emo\u010dn\u00ed u\u010den\u00ed a jak podpo\u0159it kompetence pedagog\u016f<\/strong><\/h5>\t\t\t\t\t\t\t\t<\/div>\n\t\t\t\t<\/div>\n\t\t\t\t\t<\/div>\n\t\t<\/div>\n\t\t\t\t\t<\/div>\n\t\t<\/section>\n\t\t\t\t<section class=\"elementor-section elementor-top-section elementor-element elementor-element-3a065ca elementor-section-boxed elementor-section-height-default elementor-section-height-default\" data-id=\"3a065ca\" data-element_type=\"section\">\n\t\t\t\t\t\t<div class=\"elementor-container elementor-column-gap-default\">\n\t\t\t\t\t<div class=\"elementor-column elementor-col-50 elementor-top-column elementor-element elementor-element-cc62fb7\" data-id=\"cc62fb7\" data-element_type=\"column\">\n\t\t\t<div class=\"elementor-widget-wrap elementor-element-populated\">\n\t\t\t\t\t\t<div class=\"elementor-element elementor-element-019493e elementor-widget elementor-widget-spacer\" data-id=\"019493e\" data-element_type=\"widget\" data-widget_type=\"spacer.default\">\n\t\t\t\t<div class=\"elementor-widget-container\">\n\t\t\t\t\t\t\t<div class=\"elementor-spacer\">\n\t\t\t<div class=\"elementor-spacer-inner\"><\/div>\n\t\t<\/div>\n\t\t\t\t\t\t<\/div>\n\t\t\t\t<\/div>\n\t\t\t\t<div class=\"elementor-element elementor-element-9bb4e2f elementor-widget elementor-widget-text-editor\" data-id=\"9bb4e2f\" data-element_type=\"widget\" data-widget_type=\"text-editor.default\">\n\t\t\t\t<div class=\"elementor-widget-container\">\n\t\t\t\t\t\t\t\t\t<p style=\"margin-bottom: 0cm;\">Co mohou za\u017e\u00edvat \u017e\u00e1ci (a nejen oni) v&nbsp;b\u011b\u017en\u00e9 realit\u011b v\u0161edn\u00edho dne a jak jsou obecn\u011b dne\u0161n\u00ed d\u011bti a dosp\u00edvaj\u00edc\u00ed p\u0159ipraveni na zvl\u00e1d\u00e1n\u00ed stresov\u00fdch ud\u00e1lost\u00ed. \u201eNa\u0161\u00edm \u00fakolem nen\u00ed d\u011bti p\u0159ed \u017eivotem chr\u00e1nit, ale p\u0159ipravit je na n\u011bj.\u201c, \u0159ekl by Alfred Adler. Chceme-li d\u011bti p\u0159ipravit na \u017eivot v&nbsp;sou\u010dasn\u00e9 spole\u010dnosti, jak\u00e9 m\u00e1me mo\u017enosti podpory?<\/p>\n<p style=\"margin-bottom: 0cm;\">\n<\/p>\t\t\t\t\t\t\t\t<\/div>\n\t\t\t\t<\/div>\n\t\t\t\t\t<\/div>\n\t\t<\/div>\n\t\t\t\t<div class=\"elementor-column elementor-col-50 elementor-top-column elementor-element elementor-element-062780c\" data-id=\"062780c\" data-element_type=\"column\">\n\t\t\t<div class=\"elementor-widget-wrap elementor-element-populated\">\n\t\t\t\t\t\t<div class=\"elementor-element elementor-element-fa1ee15 elementor-widget elementor-widget-image\" data-id=\"fa1ee15\" data-element_type=\"widget\" data-widget_type=\"image.default\">\n\t\t\t\t<div class=\"elementor-widget-container\">\n\t\t\t\t\t\t\t\t\t\t\t\t\t\t\t<img decoding=\"async\" width=\"150\" height=\"150\" src=\"https:\/\/poradenstvikhk.cz\/akce\/wp-content\/uploads\/2024\/03\/Jitka-Musilova-286x300-1-150x150.jpg\" class=\"attachment-thumbnail size-thumbnail wp-image-1937\" alt=\"\" \/>\t\t\t\t\t\t\t\t\t\t\t\t\t\t\t<\/div>\n\t\t\t\t<\/div>\n\t\t\t\t\t<\/div>\n\t\t<\/div>\n\t\t\t\t\t<\/div>\n\t\t<\/section>\n\t\t\t\t<section class=\"elementor-section elementor-top-section elementor-element elementor-element-968f7ea elementor-section-boxed elementor-section-height-default elementor-section-height-default\" data-id=\"968f7ea\" data-element_type=\"section\">\n\t\t\t\t\t\t<div class=\"elementor-container elementor-column-gap-default\">\n\t\t\t\t\t<div class=\"elementor-column elementor-col-100 elementor-top-column elementor-element elementor-element-39e9f46\" data-id=\"39e9f46\" data-element_type=\"column\">\n\t\t\t<div class=\"elementor-widget-wrap elementor-element-populated\">\n\t\t\t\t\t\t<div class=\"elementor-element elementor-element-7e0e055 elementor-widget elementor-widget-text-editor\" data-id=\"7e0e055\" data-element_type=\"widget\" data-widget_type=\"text-editor.default\">\n\t\t\t\t<div class=\"elementor-widget-container\">\n\t\t\t\t\t\t\t\t\t<p>Dotkneme se mimo jin\u00e9 kl\u00ed\u010dov\u00fdch oblast\u00ed pro rozvoj bezpe\u010dn\u00e9ho klimatu t\u0159\u00eddy, respektive \u0161koly, jako jsou nap\u0159\u00edklad vz\u00e1jemn\u00e1 komunikace nebo emo\u010dn\u00ed nastaven\u00ed. Kdo v\u0161echno m\u00e1 ve \u0161kole vliv na pro\u017e\u00edv\u00e1n\u00ed \u017e\u00e1k\u016f a jak s\u00a0n\u00edm m\u016f\u017ee dob\u0159e zach\u00e1zet? Poj\u010fme se na chv\u00edli oprostit od na\u0161\u00ed re\u00e1ln\u00e9 zku\u0161enosti a dovolit si trochu fantazie, kter\u00e1 se n\u011bkdy m\u016f\u017ee st\u00e1vat skute\u010dnost\u00ed.<\/p>\t\t\t\t\t\t\t\t<\/div>\n\t\t\t\t<\/div>\n\t\t\t\t<div class=\"elementor-element elementor-element-52f61db elementor-widget elementor-widget-text-editor\" data-id=\"52f61db\" data-element_type=\"widget\" data-widget_type=\"text-editor.default\">\n\t\t\t\t<div class=\"elementor-widget-container\">\n\t\t\t\t\t\t\t\t\t<p><em>V\u00a0poradn\u011b pracuji od roku 2013, aktu\u00e1ln\u011b jako vedouc\u00ed Centra prevence a metodick\u00e9 podpory. V\u00a0Centru se zam\u011b\u0159ujeme na v\u0161eobecnou i selektivn\u00ed prevenci a jednou ze st\u011b\u017eejn\u00edch oblast\u00ed na\u0161\u00ed pr\u00e1ce je pr\u00e1ce s\u00a0pedagogy i pedagogick\u00fdmi sbory.<\/em><\/p><p><em>Role metodika prevence je mi velkou p\u0159\u00edle\u017eitost\u00ed ve snaze prom\u011b\u0148ovat \u0161kolstv\u00ed tak, aby v\u00a0n\u011bm bylo mo\u017en\u00e9 rozv\u00edjet lidskost a z\u00e1rove\u0148 tak, aby u\u010ditel\u00e9 podporovali vyu\u017e\u00edv\u00e1n\u00ed zdroj\u016f \/ siln\u00fdch str\u00e1nek u sv\u00fdch \u017e\u00e1k\u016f. Byla bych r\u00e1da, kdyby se n\u00e1m tato pr\u00e1ce da\u0159ila co nejv\u00edce.<\/em><\/p><p><em>Pracuji zejm\u00e9na v\u00a0adlerovsk\u00e9m p\u0159\u00edstupu v\u00a0terapii a poradenstv\u00ed (Individu\u00e1ln\u00ed psychologie A. Adlera) a zaj\u00edm\u00e1m se i o mindfulness a trauma terapii.<\/em><\/p><p><em>Moje pr\u00e1ce m\u011b bav\u00ed!<\/em><\/p>\t\t\t\t\t\t\t\t<\/div>\n\t\t\t\t<\/div>\n\t\t\t\t\t<\/div>\n\t\t<\/div>\n\t\t\t\t\t<\/div>\n\t\t<\/section>\n\t\t\t\t<section class=\"elementor-section elementor-top-section elementor-element elementor-element-a88a845 elementor-section-boxed elementor-section-height-default elementor-section-height-default\" data-id=\"a88a845\" data-element_type=\"section\">\n\t\t\t\t\t\t<div class=\"elementor-container elementor-column-gap-default\">\n\t\t\t\t\t<div class=\"elementor-column elementor-col-100 elementor-top-column elementor-element elementor-element-bd5935a\" data-id=\"bd5935a\" data-element_type=\"column\">\n\t\t\t<div class=\"elementor-widget-wrap elementor-element-populated\">\n\t\t\t\t\t\t<div class=\"elementor-element elementor-element-866e888 elementor-widget elementor-widget-spacer\" data-id=\"866e888\" data-element_type=\"widget\" data-widget_type=\"spacer.default\">\n\t\t\t\t<div class=\"elementor-widget-container\">\n\t\t\t\t\t\t\t<div class=\"elementor-spacer\">\n\t\t\t<div class=\"elementor-spacer-inner\"><\/div>\n\t\t<\/div>\n\t\t\t\t\t\t<\/div>\n\t\t\t\t<\/div>\n\t\t\t\t\t<\/div>\n\t\t<\/div>\n\t\t\t\t\t<\/div>\n\t\t<\/section>\n\t\t\t\t<\/div>\n\t\t","protected":false},"excerpt":{"rendered":"<p>Mgr. Jitka Musilov\u00e1 Workshop: Socio-emo\u010dn\u00ed u\u010den\u00ed a jak podpo\u0159it kompetence pedagog\u016f Co mohou za\u017e\u00edvat \u017e\u00e1ci (a nejen oni) v&nbsp;b\u011b\u017en\u00e9 realit\u011b v\u0161edn\u00edho dne a jak jsou obecn\u011b dne\u0161n\u00ed d\u011bti a dosp\u00edvaj\u00edc\u00ed p\u0159ipraveni na zvl\u00e1d\u00e1n\u00ed stresov\u00fdch ud\u00e1lost\u00ed. \u201eNa\u0161\u00edm \u00fakolem nen\u00ed d\u011bti p\u0159ed \u017eivotem chr\u00e1nit, ale p\u0159ipravit je na n\u011bj.\u201c, \u0159ekl by Alfred Adler. Chceme-li d\u011bti p\u0159ipravit na [&hellip;]<\/p>\n","protected":false},"author":2,"featured_media":0,"parent":0,"menu_order":0,"comment_status":"closed","ping_status":"closed","template":"","meta":{"site-sidebar-layout":"no-sidebar","site-content-layout":"page-builder","ast-site-content-layout":"full-width-container","site-content-style":"default","site-sidebar-style":"default","ast-global-header-display":"","ast-banner-title-visibility":"","ast-main-header-display":"","ast-hfb-above-header-display":"","ast-hfb-below-header-display":"","ast-hfb-mobile-header-display":"","site-post-title":"disabled","ast-breadcrumbs-content":"","ast-featured-img":"disabled","footer-sml-layout":"","theme-transparent-header-meta":"","adv-header-id-meta":"","stick-header-meta":"","header-above-stick-meta":"","header-main-stick-meta":"","header-below-stick-meta":"","astra-migrate-meta-layouts":"set","ast-page-background-enabled":"default","ast-page-background-meta":{"desktop":{"background-color":"","background-image":"","background-repeat":"repeat","background-position":"center center","background-size":"auto","background-attachment":"scroll","background-type":"","background-media":"","overlay-type":"","overlay-color":"","overlay-opacity":"","overlay-gradient":""},"tablet":{"background-color":"","background-image":"","background-repeat":"repeat","background-position":"center center","background-size":"auto","background-attachment":"scroll","background-type":"","background-media":"","overlay-type":"","overlay-color":"","overlay-opacity":"","overlay-gradient":""},"mobile":{"background-color":"","background-image":"","background-repeat":"repeat","background-position":"center center","background-size":"auto","background-attachment":"scroll","background-type":"","background-media":"","overlay-type":"","overlay-color":"","overlay-opacity":"","overlay-gradient":""}},"ast-content-background-meta":{"desktop":{"background-color":"var(--ast-global-color-5)","background-image":"","background-repeat":"repeat","background-position":"center center","background-size":"auto","background-attachment":"scroll","background-type":"","background-media":"","overlay-type":"","overlay-color":"","overlay-opacity":"","overlay-gradient":""},"tablet":{"background-color":"var(--ast-global-color-5)","background-image":"","background-repeat":"repeat","background-position":"center center","background-size":"auto","background-attachment":"scroll","background-type":"","background-media":"","overlay-type":"","overlay-color":"","overlay-opacity":"","overlay-gradient":""},"mobile":{"background-color":"var(--ast-global-color-5)","background-image":"","background-repeat":"repeat","background-position":"center center","background-size":"auto","background-attachment":"scroll","background-type":"","background-media":"","overlay-type":"","overlay-color":"","overlay-opacity":"","overlay-gradient":""}},"footnotes":""},"class_list":["post-1935","page","type-page","status-publish","hentry"],"_links":{"self":[{"href":"https:\/\/poradenstvikhk.cz\/akce\/wp-json\/wp\/v2\/pages\/1935","targetHints":{"allow":["GET"]}}],"collection":[{"href":"https:\/\/poradenstvikhk.cz\/akce\/wp-json\/wp\/v2\/pages"}],"about":[{"href":"https:\/\/poradenstvikhk.cz\/akce\/wp-json\/wp\/v2\/types\/page"}],"author":[{"embeddable":true,"href":"https:\/\/poradenstvikhk.cz\/akce\/wp-json\/wp\/v2\/users\/2"}],"replies":[{"embeddable":true,"href":"https:\/\/poradenstvikhk.cz\/akce\/wp-json\/wp\/v2\/comments?post=1935"}],"version-history":[{"count":8,"href":"https:\/\/poradenstvikhk.cz\/akce\/wp-json\/wp\/v2\/pages\/1935\/revisions"}],"predecessor-version":[{"id":2215,"href":"https:\/\/poradenstvikhk.cz\/akce\/wp-json\/wp\/v2\/pages\/1935\/revisions\/2215"}],"wp:attachment":[{"href":"https:\/\/poradenstvikhk.cz\/akce\/wp-json\/wp\/v2\/media?parent=1935"}],"curies":[{"name":"wp","href":"https:\/\/api.w.org\/{rel}","templated":true}]}}